{"id":241,"date":"2019-04-11T13:25:15","date_gmt":"2019-04-11T13:25:15","guid":{"rendered":"http:\/\/regularize-se.com.br\/?page_id=241"},"modified":"2019-04-11T13:25:15","modified_gmt":"2019-04-11T13:25:15","slug":"servicos-no-detran-sao-paulo-sp","status":"publish","type":"page","link":"https:\/\/regularize-se.com.br\/?page_id=241","title":{"rendered":"SERVI\u00c7OS NO DETRAN \u2013 S\u00c3O PAULO &#8211; SP"},"content":{"rendered":"\n<ul><li>TRANSFER\u00caNCIA DE VE\u00cdCULOS <\/li><li>LICENCIAMENTO DE VE\u00cdCULOS<\/li><li>2\u00aa DO CRV (RECIBO DE COMPRA E VENDA)<\/li><li>2\u00aa VIA DO LICENCIAMENTO <\/li><li>ALTERA\u00c7\u00c3O DE CATEGORIA<\/li><li>ALTERA\u00c7\u00c3O DE CARACTER\u00cdSTICAS<\/li><li>REGULARIZA\u00c7\u00c3O DE MOTOR<\/li><li>VE\u00cdCULO BLINDADO &#8211; INCLUS\u00c3O BLINDAGEM<\/li><li>ANTT &#8211; RNTRC &#8211; CADASTRO E INCLUS\u00c3O<\/li><li>REMARCA\u00c7\u00c3O DE CHASSI<\/li><li>ALTERA\u00c7\u00c3O ENDERE\u00c7O NO PRONTU\u00c1RIO <\/li><li>C\u00d3PIA ADICIONAL DO LICENCIAMENTO <br>\nDETRAN SP &#8211; BLOQUEIOS DIVERSOS:<\/li><li>BAIXA DE SINISTRO<\/li><li>BAIXA COMUNICA\u00c7\u00c3O DE VENDA<\/li><li>DOCUMENTO APREENDIDO<\/li><li>D\u00cdVIDA ATIVA<\/li><\/ul>\n","protected":false},"excerpt":{"rendered":"<p>TRANSFER\u00caNCIA DE VE\u00cdCULOS LICENCIAMENTO DE VE\u00cdCULOS 2\u00aa DO CRV (RECIBO DE COMPRA E VENDA) 2\u00aa VIA DO LICENCIAMENTO ALTERA\u00c7\u00c3O DE CATEGORIA ALTERA\u00c7\u00c3O DE CARACTER\u00cdSTICAS REGULARIZA\u00c7\u00c3O DE MOTOR VE\u00cdCULO BLINDADO &#8211; &#8230;<\/p>\n","protected":false},"author":1,"featured_media":0,"parent":0,"menu_order":0,"comment_status":"closed","ping_status":"closed","template":"","meta":[],"_links":{"self":[{"href":"https:\/\/regularize-se.com.br\/index.php?rest_route=\/wp\/v2\/pages\/241"}],"collection":[{"href":"https:\/\/regularize-se.com.br\/index.php?rest_route=\/wp\/v2\/pages"}],"about":[{"href":"https:\/\/regularize-se.com.br\/index.php?rest_route=\/wp\/v2\/types\/page"}],"author":[{"embeddable":true,"href":"https:\/\/regularize-se.com.br\/index.php?rest_route=\/wp\/v2\/users\/1"}],"replies":[{"embeddable":true,"href":"https:\/\/regularize-se.com.br\/index.php?rest_route=%2Fwp%2Fv2%2Fcomments&post=241"}],"version-history":[{"count":1,"href":"https:\/\/regularize-se.com.br\/index.php?rest_route=\/wp\/v2\/pages\/241\/revisions"}],"predecessor-version":[{"id":242,"href":"https:\/\/regularize-se.com.br\/index.php?rest_route=\/wp\/v2\/pages\/241\/revisions\/242"}],"wp:attachment":[{"href":"https:\/\/regularize-se.com.br\/index.php?rest_route=%2Fwp%2Fv2%2Fmedia&parent=241"}],"curies":[{"name":"wp","href":"https:\/\/api.w.org\/{rel}","templated":true}]}}